(1).
35
Let c(g) = -g**3 + 6*g**2 + 15*g - 9. Determine c(8).
-17
Let y(m) = -m**2 + 13*m + 40. Calculate y(15).
10
Let r(q) = q**3 + 62*q**2 + 59*q - 129. Calculate r(-61).
-7
Let d(q) = -125*q - 370. Give d(-3).
5
Let b(v) = 46*v + 140. What is b(-3)?
2
Let x(t) = t**3 + 6*t**2 + 2*t - 3. What is x(-6)?
-15
Let k(f) = f**3 - 5*f**2 - 8*f + 12. Give k(6).
0
Let s(b) = -16*b**2 + b + 2. What is s(1)?
-13
Let w(z) = -z**3 + 16*z**2 - 16*z + 19. What is w(15)?
4
Let o(h) = -h**3 + 14*h**2 + 174*h + 44. Calculate o(22).
0
Let r(y) = y**2 + 16*y + 20. Determine r(-13).
-19
Let p(s) = -2*s**2 + 8*s + 18. Determine p(6).
-6
Let h(v) = -v**2 + 9*v - 6. Calculate h(4).
14
Let n(l) = -13*l**3 + 6*l + 5. Determine n(-1).
12
Let q(k) = -28*k**2 + k + 1. Determine q(-1).
-28
Let m(t) = 2*t**3 - 10*t**2 - 14*t + 18. Determine m(6).
6
Let y(i) = i**2 + 59*i - 318. Calculate y(5).
2
Let o(u) = -u**2 + 9*u + 54. Determine o(-4).
2
Let p(u) = u**2 - 6*u - 12. Give p(7).
-5
Let m(a) = -a + 2. Give m(-3).
5
Let j(p) = -p**2 + 14*p - 12. Give j(6).
36
Let n(i) = i**2 + 5*i - 4. Give n(-3).
-10
Let t(a) = -a**3 + 18*a**2 - 32*a - 5. Calculate t(16).
-5
Let u(a) = -14*a**3 + 2*a - 1. Give u(1).
-13
Let c(n) = n**3 + 9*n**2 + 13*n - 12. Calculate c(-7).
-5
Let s(v) = -26*v - 184. Determine s(-7).
-2
Let t(c) = -5*c + 59. Give t(11).
4
Let l(x) = 3*x + 15. Give l(-12).
-21
Let i(b) = b**2 + 13*b - 9. Give i(-20).
131
Let r(p) = 5*p + 73. What is r(-14)?
3
Let c(i) = -i**2 + 4. Give c(3).
-5
Let p(y) = -y**2 - y - 6. Calculate p(-3).
-12
Let x(g) = -62*g - 13. What is x(-2)?
111
Let a(m) = 5*m**2 + 40*m + 5. Calculate a(-8).
5
Let w(f) = f**3 + 5*f**2 - f - 4. What is w(-5)?
1
Let u(i) = i**3 - 22*i**2 + 3*i - 31. Determine u(22).
35
Let f(t) = -11*t + 45. Determine f(0).
45
Let h(r) = -11*r**2 + 4*r. Determine h(1).
-7
Let r(j) = -j**3 - 13*j**2 + 15*j + 17. Give r(-14).
3
Let v(k) = -6*k - 68. Give v(-11).
-2
Let r(u) = u**3 + 10*u**2 - 11*u + 8. Determine r(-11).
8
Let w(h) = 49*h**2 + 4*h + 3. Determine w(-1).
48
Let t(v) = 10*v**2 + 3*v. Give t(-2).
34
Let z(a) = -5*a**2 - 3*a - 4. Calculate z(-1).
-6
Let l(s) = 2*s**3 - 5*s**2 + 17*s - 46. Determine l(3).
14
Let i(a) = a**2 - 11*a + 9. Calculate i(7).
-19
Let x(j) = -25*j + 1. Determine x(3).
-74
Let z(h) = h**2 - 2*h + 6. Give z(5).
21
Let p(r) = -r**3 + 11*r**2 - 12*r + 12. What is p(10)?
-8
Let w(n) = -n**3 - 20*n**2 - 20*n - 15. Give w(-19).
4
Let x(s) = -s + 37. Determine x(8).
29
Let l(u) = -u**3 + 2*u**2 + u - 4. Calculate l(2).
-2
Let s(j) = 16*j - 13. Give s(-4).
-77
Let n(p) = -p**3 + 12*p**2 - 8*p - 36. Determine n(11).
-3
Let v(d) = 10*d + 97. Determine v(-19).
-93
Let u(f) = f**2 + 33*f + 126. Give u(-4).
10
Let n(g) = g**3 - 2*g**2 + g - 3. What is n(3)?
9
Let w(q) = 2*q**2 - 16*q - 12. What is w(8)?
-12
Let p(u) = -u**3 + 7*u**2 + 11*u - 5. Give p(8).
19
Let q(y) = -13*y + 300. Give q(20).
40
Let h(s) = s**3 - 6*s**2 + 3*s + 8. Calculate h(5).
-2
Let s(b) = -b**2 - 19*b - 13. Determine s(-12).
71
Let h(x) = -8*x + 34. Calculate h(3).
10
Let p(y) = 2*y - 4. Calculate p(-1).
-6
Let m(k) = -k**3 - 9*k**2 + k + 24. Give m(-9).
15
Let n(s) = 98*s + 387. Calculate n(-4).
-5
Let t(i) = i**3 - 5*i**2 - 2*i + 1. Determine t(5).
-9
Let z(o) = -2*o**3 + 25*o**2 + 11*o + 30. Determine z(13).
4
Let g(z) = -z**2 - 5*z + 7. Calculate g(-4).
11
Let g(w) = 2*w**2 + 5*w - 3. Calculate g(-3).
0
Let o(f) = f + 1. What is o(-8)?
-7
Let l(g) = 111*g + 341. Calculate l(-3).
8
Let i(c) = c**3 + 11*c**2 - c - 6. Determine i(-11).
5
Let s(c) = -3*c - 11. Determine s(5).
-26
Let y(u) = -u**3 - 3*u**2 - 2*u - 6. What is y(-3)?
0
Let w(o) = -4*o - 55. What is w(-14)?
1
Let b(p) = 8*p + 169. Calculate b(-21).
1
Let t(y) = -y**2 - 5*y + 6. Determine t(-6).
0
Let b(f) = f**3 - 12*f**2 + 12*f - 14. Determine b(11).
-3
Let y(s) = -s**2 - 5*s + 4. What is y(-6)?
-2
Let u(w) = -w**2 - w + 5. What is u(-4)?
-7
Let s(l) = -12*l**3 + l - 3. Give s(2).
-97
Let f(o) = 2*o**2 + 20*o + 11. Give f(-9).
-7
Let j(w) = w**2 - 2*w - 1. Determine j(2).
-1
Let m(c) = c**2 - 4*c + 5. What is m(7)?
26
Let j(v) = 11*v + 4. Give j(-3).
-29
Let h(a) = -7*a - 6. Determine h(-3).
15
Let l(v) = v**3 + 17*v**2 + 51*v - 11. Determine l(-13).
2
Let s(l) = -l - 26. What is s(-10)?
-16
Let z(c) = 5*c - 2. What is z(-5)?
-27
Let z(d) = -d - 9. Determine z(-6).
-3
Let d(a) = a**3 - a + 4. Give d(-4).
-56
Let s(f) = -6*f**3 - f**2 + 2*f - 1. Give s(1).
-6
Let f(h) = -2*h - 2. Determine f(-1).
0
Let b(p) = -p**3 - 15*p**2 + 2*p - 6. Determine b(-15).
-36
Let m(v) = -v + 18. What is m(8)?
10
Let r(b) = -16*b**2 - 4*b + 4. Determine r(2).
-68
Let g(k) = 2*k**2 - 4*k - 3. Calculate g(3).
3
Let r(s) = -s**2 - 8*s + 46. What is r(-12)?
-2
Let c(x) = x - 2. Determine c(5).
3
Let l(w) = w**3 - 2*w**2 - 6*w + 1. Give l(3).
-8
Let z(k) = -k**3 - 8*k**2 - 7*k - 4. What is z(-7)?
-4
Let y(x) = -6*x + 2. Calculate y(2).
-10
Let o(j) = 2*j + 1. Give o(4).
9
Let t(d) = d**3 + 2*d**2 - 35. Give t(0).
-35
Let r(t) = -5*t + 4. Determine r(6).
-26
Let w(c) = c**2 + 23*c + 19. Give w(-22).
-3
Let i(x) = -9*x - 73. Determine i(-6).
-19
Let w(h) = -h**3 + 24*h**2 + 2*h - 52. Calculate w(24).
-4
Let l(q) = -95*q - 657. Calculate l(-7).
8
Let y(t) = -t**2 - 6*t - 3. Give y(-5).
2
Let z(t) = 15*t - 91. Give z(7).
14
Let x(k) = 3*k + 33. What is x(-9)?
6
Let d(p) = -15*p**3 - 2*p**2 + 1. Give d(1).
-16
Let s(v) = 4*v**2 - 17*v - 51. Calculate s(-2).
-1
Let i(k) = -4*k**2 - 35*k + 3. Calculate i(-9).
-6
Let x(h) = -h**2 + 7*h + 31. Give x(-5).
-29
Let q(z) = z**3 - 8*z**2 - 4*z + 24. Calculate q(8).
-8
Let m(c) = c - 6. Give m(2).
-4
Let d(f) = -f**3 + 7*f**2 + 17*f + 3. What is d(9)?
-6
Let p(f) = -3*f + 7. Give p(5).
-8
Let a(d) = -89*d**2 - 5*d - 6. Give a(-1).
-90
Let q(g) = g + 61. Give q(-11).
50
Let a(j) = j**2 - 3*j. Determine a(8).
40
Let c(v) = -3*v - 6. What is c(-1)?
-3
Let t(a) = a**2 - 4*a - 4. What is t(7)?
17
Let o(b) = -11*b - 196. Calculate o(-14).
-42
Let j(d) = 7*d**3 + d**2 + 2*d + 1. Calculate j(-2).
-55
Let o(y) = y**2 + 10*y - 5. What is o(-7)?
-26
Let l(g) = 3*g**3 + 36*g**2 + 3*g + 29. Give l(-12).
-7
Let t(i) = -i**3 - 9*i**2 + i + 9. What is t(-9)?
0
Let r(k) = k**3 - k**2 - 92*k - 15. Calculate r(10).
-35
Let n(q) = -3*q**2 - 8*q + 6. Calculate n(2).
-22
Let l(y) = -y**2 + 5*y - 8. What is l(8)?
-32
Let q(g) = -g + 13. What is q(7)?
6
Let y(p) = 14*p - 10. What is y(7)?
88
Let a(n) = n**3 + 20*n**2 - 24*n + 8. Determine a(-21).
71
Let w(l) = 13*l**3 + l - 1. Calculate w(1).
13
Let o(a) = -3*a**2 + 33*a + 35. What is o(12)?
-1
Let r(v) = -v**3 + 16*v**2 + 36*v + 5. Determine r(18).
5
Let b(k) = k**3 - 7*k**2 + k + 2. What is b(3)?
-31
Let c(f) = 13*f + 99. What is c(-8)?
-5
Let t(m) = -9*m + 44. What is t(5)?
-1
Let j(x) = 4*x + 53. Calculate j(-13).
1
Let f(k) = 3*k + 15. Give f(-8).
-9
Let i(o) = -2*o**2 + 20*o + 7. What is i(11)?
-15
Let b(p) = p**2 + 6*p - 720. Calculate b(24).
0
Let p(n) = -2*n + 3. What is p(-1)?
5
Let j(a) = -12*a - 1. Give j(5).
-61
Let v(n) = n**2 + 60*n - 54. Determine v(-61).
7
Let c(j) = -j**3 + 5*j**2 + 2*j - 9. Determine c(5).
1
Let h(o) = -o**3 + 11*o**2 - 8*o - 6. Give h(10).
14
Let v(o) = -o**3 - 3*o. What is v(3)?
-36
Let g(v) = 19*v**2 + v. Determine g(-1).
18
Let q(j) = -14*j**2 + 9*j - 6. Calculate q(3).
-105
Let h(l) = l**3 + 10*l**2 + 5*l - 12. Give h(-9).
24
Let a(n) = -n**2 + 22*n + 15. What is a(22)?
15
Let z(r) = r + 4. Give z(-3).
1
Let r(z) = -3*z**2 - 3*z - 3. What is r(-2)?
-9
Let o(q) = q + 9. Calculate o(2).
11
Let q(h) = h**3 + 5*h**2 - h + 6. Calculate q(-5).
11
Let j(s) = 3*s + 7. What is j(-9)?
-20
Let z(v) = v**2 + 3*v + 4. Calculate z(-3).
4
Let h(s) = 8*s**2 - 4*s + 6. Determine h(3).
66
Let j(a) = -21*a + 140. Give j(6).
14
Let z(q) = 62*q + 181. Determine z(-3).
-5
Let j(n) = n - 1. Calculate j(-6).
-7
Let n(w) = 2*w**2 - 18*w - 3. What is n(9)?
-3
Let f(d) = -d**2 + 20*d - 43. What is f(18)?
-7
Let y(r) = -r**3 - 86*r**2 + 90*r + 256. What is y(-87)?
-5
Let n(f) = -f**2 - 26*f - 108. Calculate n(-21).
-3
Let y(f) = -27*f - 634. Calculate y(-23).
-13
Let p(o) = 5*o + 153. Determine p(-30).
3
Let f(g) = 55*g - 344. Determine f(6).
-14
Let p(h) = -2*h**3 - 3*h**2 - 3*h - 3. Calculate p(4).
-191
Let r